6/22 - (-10 + -10)?
24
Let j be 8/10*(-8)/((-32)/50). What is the remainder when 46 is divided by (-15)/((-75)/j) - -11?
7
Let n = 1475 + -126. Calculate the remainder when n is divided by 26.
23
Suppose 0 = -118*p + 88509 - 12635. Calculate the remainder when p is divided by 132.
115
What is the remainder when (1 + 6 - 7) + 871 is divided by 73?
68
Let d(g) = g**2 - 2*g - 4. Suppose 0 = 17*r - 9*r - 32. Let q be d(r). Suppose 3*b - 19 = -q*y, 2*y + 1 = -3. Calculate the remainder when 61 is divided by b.
7
Let o = 89 - 85. What is the remainder when 20 is divided by (o/4*3)/(3/8)?
4
Suppose 0 = 318*d - 313*d - 295. Calculate the remainder when d is divided by 17.
8
Let c(j) be the first derivative of -21*j + 1/4*j**4 + 4*j**3 + 3 + 17/2*j**2. What is the remainder when c(-8) is divided by 27?
18
Let k be -1 + 1 + 34/1. Suppose z - 3*v + 1 = v, 4*z + 3*v - k = 0. Calculate the remainder when z is divided by (-2)/(-6)*15/1.
2
Suppose 15*n = n - 28. What is the remainder when 247 is divided by (47 + -52)/(n/20)?
47
Let n(v) = -v**2 + 10*v - 22. Let u be n(7). Let b(m) = 1. Let a(l) = 13*l + 45. Let j(p) = u*a(p) + b(p). What is the remainder when 169 is divided by j(-6)?
33
Calculate the remainder when 8545 is divided by 1/(-9) - (24 + 11550/(-189)).
35
Suppose 75 = -5*h - 2*x, -3*h = x + 27 + 18. Let d be 29/5 + (-3)/h. Calculate the remainder when (3*d/(-27))/((-3)/63) is divided by 5.
4
Let j(k) = 9*k**2 + 25*k + 17. Let s be j(5). Let w = s + -353. Suppose 0 = 5*a - 40. Calculate the remainder when w is divided by a.
6
Suppose 0*i = 2*s + 4*i - 510, -i = s - 255. Let o = s - 188. What is the remainder when o is divided by 12?
7
Let q(a) = -4*a**2 - 3. Let v(k) = -k**2. Let i(s) = -q(s) + 3*v(s). Let c be i(-3). Calculate the remainder when c/(-4) + 0 - -61 is divided by 31.
27
Suppose -2*r - 3074 = -3*p + 1963, 4*r = 12. What is the remainder when p is divided by 11?
9
Suppose 21*i = 6189 - 5097. Calculate the remainder when 423 is divided by i.
7
Let i = -9277 + 9988. What is the remainder when i is divided by 24?
15
Suppose 32*j - 12509 - 3659 = 102328. What is the remainder when j is divided by 13?
11
Suppose 0 = 4*c + 2*r - 4 + 10, 0 = 2*r - 10. What is the remainder when 300 is divided by ((-2403)/117)/(-3) - c/26?
6
Let d = -5294 - -5347. What is the remainder when 124 is divided by d?
18
Suppose 2*b - 14 = 12. Suppose -806 = -2*l + 5*s - s, 3*l = -3*s + 1173. Suppose 391*m + 24 = l*m. What is the remainder when b is divided by m?
1
Suppose 3*m + 24 - 13 = 17. Let k(c) = -3*c - c**2 - 4 + 6*c + 3*c**2. Calculate the remainder when 36 is divided by k(m).
6
Let d = 11 + 16. Let u(f) = f - 3. Let j be u(-2). Let q(a) = -18*a - 13. Calculate the remainder when q(j) is divided by d.
23
Suppose 0 = 27*v - 777 - 1545. Calculate the remainder when v is divided by 25.
11
Let d = -17448 - -17930. Calculate the remainder when d is divided by 330.
152
Calculate the remainder when 10/(-55)*-2883 - 2/11 is divided by 48.
44
Suppose -3*l = -0*l - 228. Suppose -2*o + l = 3*o - g, 4*g = o. Suppose -21*y + 1302 = 12*y - 19*y. What is the remainder when y is divided by o?
13
Let p be (-39 + 3)*22/(-44). Suppose p = -32*z + 50. Suppose 0 = -3*u - 0*u + 15. What is the remainder when u is divided by z?
0
Let o(c) = -47*c**3 + 7*c**2 - 6*c + 2. Let n(f) = -49*f**3 + 9*f**2 - 7*f + 3. Let s(l) = -4*n(l) + 5*o(l). What is the remainder when 183 is divided by s(-1)?
31
Let i be (-18)/(-3 + 0)*(1 + 4). What is the remainder when -114*(i/(-27) - 8/36) is divided by 39?
35
Suppose -21*y + 18*y + 315 = 0. Let c = y + -188. Let q = 95 + c. What is the remainder when 38 is divided by q?
2
Let h be (-720)/(-18)*(-4)/(-10). Suppose 0*z + 8*z = h. Calculate the remainder when 76 is divided by -26*(4/8)/((-2)/z).
11
Let j(q) = -q**3 - 14*q**2 + 30*q - 22. What is the remainder when j(-17) is divided by 169?
166
Let y = -2345 + 2372. Suppose -4*g = 2*c + 10, -g + 35 = 2*c - 6*g. Suppose 158 + 637 = c*z. Calculate the remainder when z is divided by y.
24
Suppose 68*p - 3884 + 76 = 0. Let j be (-122)/(-4)*1*2. Let x = j - p. What is the remainder when 36 is divided by x?
1
Let p = 4 - -18. Suppose -p = -12*y + y. Suppose 0*u - 4*u + 4*d + 84 = 0, y*d = 4*u - 74. Calculate the remainder when 46 is divided by u.
14
Suppose 4*j - 8 = 0, 5*x + 2*j - 1631 = -1317. Let t(a) = 5*a**2 + 10*a + 10. What is the remainder when t(-7) is divided by x?
61
Let z = 12692 + -12657. Calculate the remainder when ((-5)/(-5))/(2/172) is divided by z.
16
Let r = -64306 + 64375. Let n(x) = 206*x**2. What is the remainder when n(-1) is divided by r?
68
Let i = -88 - -90. Suppose -13*t = i*t + 15. What is the remainder when 5 + 192 + (t - -3) is divided by 40?
39
Let g = -24 + 126. Calculate the remainder when g is divided by 33/(2 + -1) - (18 - 20).
32
Suppose 0 = -94*j + 1298 + 488. Let a = -76 + 150. Calculate the remainder when a is divided by j.
17
Let k = 276 - 46. Suppose 0*c = -c + 5*s + 137, s = -2*c + k. Calculate the remainder when c is divided by -5 - -9*1/(-6)*1*-10.
7
Suppose 2*u + 115 = -3*h, -3*u = -h + 4*h + 117. Let r = h + 36. Calculate the remainder when -4 + (1 - r) - -107 is divided by 27.
24
Let k(h) = 40*h + 36*h - 116*h + 32*h + 7. What is the remainder when k(-5) is divided by 21?
5
Let z(s) = s**3 + 7*s**2 - 4*s - 9. Let v be (-4)/3*(-270)/12. Suppose 0 = -4*j + j + v. What is the remainder when z(-7) is divided by j?
9
Let i(l) = -l**3 - 52*l**2 + 122*l + 98. What is the remainder when i(-55) is divided by 85?
83
Let c = 20963 - 20946. What is the remainder when 6969 is divided by c?
16
Let k be ((-6)/(-2) - 4) + 0 + 13. Suppose k*c - 712 - 524 = 0. Calculate the remainder when c is divided by 13.
12
Suppose 3*u + 4*q - 348 = 0, 39 - 33 = q. Calculate the remainder when 1398 is divided by u.
102
Let a = 44 - 16. Suppose -x + 3*t = 24, -2*t = -2*x - 6*t - a. What is the remainder when 39 is divided by (-29 - -28) + (-2)/(4/x)?
7
Suppose 0 = q - 822 + 815. What is the remainder when q is divided by 5?
2
Calculate the remainder when 11 is divided by (104/(-24) - -13) + 4/(-6).
3
Suppose 6*y + 2*n + 54 = 2*y, -36 = 2*y + 4*n. Let f = y + 55. Let k(b) = -374*b + 9746. Calculate the remainder when f is divided by k(26).
21
Suppose 4*k = 11 + 5, 0 = -3*q + 2*k + 109. Suppose -2*a + 58 = -2*t, 3*t + q = 2*a - 23. What is the remainder when 271 is divided by a?
21
What is the remainder when 2157 is divided by ((-115 - -11)/(-1))/(1 - -1) + -6?
41
Let t(j) = -j**3 + 14*j**2 + j - 8. Let f be t(14). Let c be (-276)/(-28) - f - 1/(-7). What is the remainder when 64 is divided by 1/c - 1566/(-72)?
20
Let o(j) = -25*j + 561. Calculate the remainder when 81 is divided by o(20).
20
Suppose -4*u = -3*k + 143, 53 = 2*k - 3*u - 42. Suppose 245 = -13*g + 6*g. Let o = -22 - g. Calculate the remainder when k is divided by o.
10
Let s = -43 + 31. Let t = 1 - s. Suppose -33*p + 1886 = 8*p. What is the remainder when p is divided by t?
7
Let s(o) = -19 - 19 + 7*o - 23 - 4*o. Let u = 67 - 59. Calculate the remainder when s(30) is divided by u.
5
Let h(z) = -3*z - 1. Let o = 9 - 15. Let l = -7135 + 7202. Calculate the remainder when l is divided by h(o).
16
Let b = -55 + 28. Let p = b + 39. Let n(q) = 4*q**3 - 70*q**2 - 36*q + 34. Calculate the remainder when n(18) is divided by p.
10
Let w = -920 - -586. Let k = w + 349. Calculate the remainder when k is divided by 6.
3
What is the remainder when (-3)/((-10)/(-8)*2/(-15)) is divided by 6/(-21) + (-172)/(-14)?
6
Let n = 1939 - 1912. Let r = -45 + 56. Calculate the remainder when n is divided by r.
5
Let h = 372 + -366. Let t = 10 + -13. What is the remainder when (t/6)/(1/(-68)) is divided by h?
4
Let r(v) = v**2 + 3*v + 1. Let z be r(-2). Suppose 409 + 386 = 37*c - 56. Calculate the remainder when z/3*113*-3 is divided by c.
21
Let y(f) = 70*f + 1412. Calculate the remainder when 570 is divided by y(-19).
78
What is the remainder when ((-65)/(-13) - -173) + (-21)/(-3) is divided by 21?
17
Let a(f) = 3*f**2 + 87*f + 326. Suppose -3*s + g = 9, -3*s + 3 = -12*g + 7*g. Calculate the remainder when a(s) is divided by ((-4)/5)/(4/(-70)).
12
Suppose 59*t - 53*t = 41826. Suppose 0 = -48*h + 2485 + t. What is the remainder when h is divided by 25?
2